{"id":958,"date":"2021-11-04T06:36:25","date_gmt":"2021-11-04T06:36:25","guid":{"rendered":"http:\/\/sammarco.vn\/?post_type=product&#038;p=958"},"modified":"2021-11-04T06:36:25","modified_gmt":"2021-11-04T06:36:25","slug":"vang-feudi-salentini-apollo-primitivo-del-salento-igp-limited-edition","status":"publish","type":"product","link":"https:\/\/sammarco.vn\/?product=vang-feudi-salentini-apollo-primitivo-del-salento-igp-limited-edition","title":{"rendered":"Vang Feudi Salentini Apollo Primitivo del Salento IGP Limited Edition"},"content":{"rendered":"<p>Lo\u1ea1i r\u01b0\u1ee3u Vang \u0111\u1ecf<\/p>\n<p>N\u1ed3ng \u0111\u1ed9 14%<\/p>\n<p>Lo\u1ea1i nho Primitivo<\/p>\n<p>Dung t\u00edch 750ml<\/p>\n<p>\u0110\u00f3ng th\u00f9ng 06 Chai\/th\u00f9ng<\/p>\n<p>R\u01b0\u1ee3u vang \u00dd Apollo Primitivo l\u00e0 m\u1ed9t trong nh\u1eefng chai vang \u00dd Ngon,\u00a0<strong>r\u01b0\u1ee3u vang \u00dd<\/strong>\u00a0lu\u00f4n \u0111\u01b0\u1ee3c coi l\u00e0 nh\u1eefng lo\u1ea1i r\u01b0\u1ee3u vang cao c\u1ea5p, sang tr\u1ecdng, l\u1ecbch l\u00e3m v\u1edbi h\u01b0\u01a1ng v\u1ecb \u0111a d\u1ea1ng, d\u1ec5 u\u1ed1ng, d\u1ec5 th\u00edch, c\u00f9ng h\u00e0ng ngh\u00ecn phong c\u00e1ch s\u00e1ng t\u1ea1o kh\u00e1c nhau. Ch\u00ednh v\u00ec v\u1eady\u00a0R\u01b0\u1ee3u vang \u00dd Apollo Primitivo c\u00f3 n\u1ed3ng \u0111\u1ed9\u00a014%, \u0111\u01b0\u1ee3c l\u00e0m t\u1eeb nho Primitivo, l\u00e0\u00a0Vang \u0111\u1ecf<\/p>\n<p>Apollo Primitivo \u0111\u01b0\u1ee3c \u0111\u00e1nh gi\u00e1 l\u00e0 m\u1ed9t trong nh\u1eefng chai vang NGON, c\u00f3 h\u01b0\u01a1ng th\u01a1m l\u00e0m say \u0111\u1eafm th\u1ef1c kh\u00e1ch v\u1edbi nhi\u1ec1u t\u1ea7ng h\u01b0\u01a1ng v\u1ecb \u0111\u01b0\u1ee3c t\u1ed5ng h\u1ee3p t\u1eeb nho v\u00e0 c\u00e1c lo\u1ea1i tr\u00e1i c\u00e2y l\u00ean men.<\/p>\n","protected":false},"excerpt":{"rendered":"<p>Lo\u1ea1i r\u01b0\u1ee3u Vang \u0111\u1ecf<\/p>\n<p>N\u1ed3ng \u0111\u1ed9 14%<\/p>\n<p>Lo\u1ea1i nho Primitivo<\/p>\n<p>Dung t\u00edch 750ml<\/p>\n<p>\u0110\u00f3ng th\u00f9ng 06 Chai\/th\u00f9ng<\/p>\n","protected":false},"featured_media":959,"comment_status":"open","ping_status":"closed","template":"","meta":[],"_links":{"self":[{"href":"https:\/\/sammarco.vn\/index.php?rest_route=\/wp\/v2\/product\/958"}],"collection":[{"href":"https:\/\/sammarco.vn\/index.php?rest_route=\/wp\/v2\/product"}],"about":[{"href":"https:\/\/sammarco.vn\/index.php?rest_route=\/wp\/v2\/types\/product"}],"replies":[{"embeddable":true,"href":"https:\/\/sammarco.vn\/index.php?rest_route=%2Fwp%2Fv2%2Fcomments&post=958"}],"wp:featuredmedia":[{"embeddable":true,"href":"https:\/\/sammarco.vn\/index.php?rest_route=\/wp\/v2\/media\/959"}],"wp:attachment":[{"href":"https:\/\/sammarco.vn\/index.php?rest_route=%2Fwp%2Fv2%2Fmedia&parent=958"}],"curies":[{"name":"wp","href":"https:\/\/api.w.org\/{rel}","templated":true}]}}