{"id":930,"date":"2020-11-27T03:28:58","date_gmt":"2020-11-27T03:28:58","guid":{"rendered":"http:\/\/sammarco.vn\/?post_type=product&#038;p=930"},"modified":"2021-06-15T00:56:47","modified_gmt":"2021-06-15T00:56:47","slug":"ruou-vang-tierra-nueva-varietal-sauvignon-blanc","status":"publish","type":"product","link":"https:\/\/sammarco.vn\/?product=ruou-vang-tierra-nueva-varietal-sauvignon-blanc","title":{"rendered":"R\u01b0\u1ee3u vang TIERRA NUEVA VARIETAL SAUVIGNON BLANC"},"content":{"rendered":"<div id=\"catactsp\">CHI TI\u1ebeT S\u1ea2N PH\u1ea8M:<\/div>\n<div id=\"chitietsp\">\n<p>Gi\u1ed1ng nho: Sauvignon Blanc<br \/>\nNi\u00ean v\u1ee5 nho: 2014.<br \/>\nN\u1ed3ng \u0111\u1ed9 alcohol: 13%.<br \/>\nXu\u1ea5t x\u1ee9: Valley Del Rapel -Chile.<br \/>\nH\u01b0\u01a1ng th\u01a1m: H\u01b0\u01a1ng chanh v\u00e0 hoa qu\u1ea3 th\u01a1m m\u00f9i vani h\u00f2a l\u1eabn h\u01b0\u01a1ng tr\u00e1i c\u00e2y nhi\u1ec7t \u0111\u1edbi v\u00e0 tho\u1ea3ng h\u01b0\u01a1ng g\u1ed7<br \/>\nM\u00f9i v\u1ecb: m\u00f9i b\u01a1,vani ,m\u00f9i t\u00e1o, m\u00f9i d\u01b0a h\u1ea5u, m\u00f9i kho\u00e1ng ch\u1ea5t thi\u00ean nhi\u00ean.<br \/>\n\u0102n k\u00e8m v\u1edbi c\u00e1c m\u00f3n h\u1ea3i s\u1ea3n nh\u01b0: c\u00e1 th\u00e1c l\u00e1c,s\u00f2,t\u00f4m cua b\u1ec3,salad h\u1ea3i s\u1ea3n khai v\u1ecb\u2026u\u1ed1ng ngon h\u01a1n khi \u01b0\u1edbp l\u1ea1nh \u1edf nhi\u1ec7t \u0111\u1ed9 t\u1eeb 8 t\u1edbi 12 \u0111\u1ed9 C<\/p>\n<\/div>\n","protected":false},"excerpt":{"rendered":"<p>Gi\u1ed1ng nho: Sauvignon Blanc<br \/>\nNi\u00ean v\u1ee5 nho: 2014.<br \/>\nN\u1ed3ng \u0111\u1ed9 alcohol: 13%.<br \/>\nXu\u1ea5t x\u1ee9: Valley Del Rapel -Chile.<\/p>\n","protected":false},"featured_media":931,"comment_status":"open","ping_status":"closed","template":"","meta":[],"_links":{"self":[{"href":"https:\/\/sammarco.vn\/index.php?rest_route=\/wp\/v2\/product\/930"}],"collection":[{"href":"https:\/\/sammarco.vn\/index.php?rest_route=\/wp\/v2\/product"}],"about":[{"href":"https:\/\/sammarco.vn\/index.php?rest_route=\/wp\/v2\/types\/product"}],"replies":[{"embeddable":true,"href":"https:\/\/sammarco.vn\/index.php?rest_route=%2Fwp%2Fv2%2Fcomments&post=930"}],"wp:featuredmedia":[{"embeddable":true,"href":"https:\/\/sammarco.vn\/index.php?rest_route=\/wp\/v2\/media\/931"}],"wp:attachment":[{"href":"https:\/\/sammarco.vn\/index.php?rest_route=%2Fwp%2Fv2%2Fmedia&parent=930"}],"curies":[{"name":"wp","href":"https:\/\/api.w.org\/{rel}","templated":true}]}}