{"id":829,"date":"2020-11-27T03:26:03","date_gmt":"2020-11-27T03:26:03","guid":{"rendered":"http:\/\/sammarco.vn\/?post_type=product&#038;p=829"},"modified":"2020-11-30T07:47:11","modified_gmt":"2020-11-30T07:47:11","slug":"ruou-vang-ancora-negroamaro","status":"publish","type":"product","link":"https:\/\/sammarco.vn\/?product=ruou-vang-ancora-negroamaro","title":{"rendered":"R\u01b0\u1ee3u vang Ancora negroamaro 16.5% (6c\/th\u00f9ng)"},"content":{"rendered":"<p style=\"font-weight: 400;\">Nhi\u1ec7t \u0111\u1ed9 ph\u1ee5c v\u1ee5 ph\u00f9 h\u1ee3p s\u1ebd mang l\u1ea1i s\u1ef1 c\u00e2n b\u1eb1ng trong c\u1ea5u tr\u00fac, h\u01b0\u01a1ng v\u00e0 v\u1ecb tuy\u1ec7t v\u1eddi cho ly r\u01b0\u1ee3u vang. T\u1ea1i VN, t\u1ed1t nh\u1ea5t n\u00ean l\u00e0m m\u00e1t chai r\u01b0\u1ee3u vang c\u1ee7a b\u1ea1n tr\u01b0\u1edbc khi th\u01b0\u1edfng th\u1ee9c.<\/p>\n<p style=\"font-weight: 400;\">Nhi\u1ec7t \u0111\u1ed9: 15-18\u00baC\u00a0\u01b0\u1edbp trong x\u00f4 \u0111\u00e1 kho\u1ea3ng 15-20 ph\u00fat, 45 ph\u00fat trong ng\u0103n m\u00e1t t\u1ee7 l\u1ea1nh.<\/p>\n<p style=\"font-weight: 400;\">Ki\u1ec3u ly: Bordeaux Style. L\u1eafc r\u01b0\u1ee3u tr\u01b0\u1edbc khi u\u1ed1ng l\u00e0 \u0111\u1ed9ng t\u00e1c c\u1ea7n thi\u1ebft.<\/p>\n<p style=\"font-weight: 400;\">Vang th\u1edf\/khui n\u00fat b\u1ea7n: 10 ph\u00fat tr\u01b0\u1edbc khi th\u01b0\u1edfng th\u1ee9c<\/p>\n<p style=\"font-weight: 400;\">Ph\u1ed1i v\u1edbi th\u1ee9c \u0103n: L\u00fd t\u01b0\u1edfng v\u1edbi c\u00e1c m\u00f3n \u0103n th\u1ecbt n\u01b0\u1edbng (l\u1ee3n, b\u00f2, c\u1eebu\u2026). Tuy\u1ec7t v\u1eddi v\u1edbi c\u00e1c m\u00f3n nh\u01b0 b\u00f2 M\u1ef9 n\u01b0\u1edbng v\u00e0 pho m\u00e1t.<\/p>\n","protected":false},"excerpt":{"rendered":"<ul class=\"product-specs__list\">\n<li class=\"meta\">Th\u01b0\u01a1ng hi\u1ec7u:San Marzano<\/li>\n<li class=\"meta\">Lo\u1ea1i vang:Vang \u0111\u1ecf<\/li>\n<li class=\"meta\">V\u00f9ng:Puglia<\/li>\n<li class=\"meta\">Xu\u1ea5t x\u1ee9:\u00dd<\/li>\n<li class=\"meta\">Ph\u00e2n h\u1ea1ng:IGP<\/li>\n<li class=\"meta\">Gi\u1ed1ng nho:Negroamaro<\/li>\n<li class=\"meta\">Ni\u00ean v\u1ee5:2017<\/li>\n<\/ul>\n","protected":false},"featured_media":830,"comment_status":"open","ping_status":"closed","template":"","meta":[],"_links":{"self":[{"href":"https:\/\/sammarco.vn\/index.php?rest_route=\/wp\/v2\/product\/829"}],"collection":[{"href":"https:\/\/sammarco.vn\/index.php?rest_route=\/wp\/v2\/product"}],"about":[{"href":"https:\/\/sammarco.vn\/index.php?rest_route=\/wp\/v2\/types\/product"}],"replies":[{"embeddable":true,"href":"https:\/\/sammarco.vn\/index.php?rest_route=%2Fwp%2Fv2%2Fcomments&post=829"}],"wp:featuredmedia":[{"embeddable":true,"href":"https:\/\/sammarco.vn\/index.php?rest_route=\/wp\/v2\/media\/830"}],"wp:attachment":[{"href":"https:\/\/sammarco.vn\/index.php?rest_route=%2Fwp%2Fv2%2Fmedia&parent=829"}],"curies":[{"name":"wp","href":"https:\/\/api.w.org\/{rel}","templated":true}]}}