{"id":791,"date":"2020-11-26T08:40:48","date_gmt":"2020-11-26T08:40:48","guid":{"rendered":"http:\/\/sammarco.vn\/?post_type=product&#038;p=791"},"modified":"2020-11-30T07:43:00","modified_gmt":"2020-11-30T07:43:00","slug":"ruou-macallan-12yo-double-cask-40-700cl","status":"publish","type":"product","link":"https:\/\/sammarco.vn\/?product=ruou-macallan-12yo-double-cask-40-700cl","title":{"rendered":"R\u01b0\u1ee3u Macallan 12YO double cask 40%- 700cl (12c\/th\u00f9ng)"},"content":{"rendered":"<p><strong>The Macallan 12 Double Cask 700 ml\/ 40 %<\/strong>\u00a0_ \u0110\u01b0\u1ee3c \u1ee7 trong 2 lo\u1ea1i th\u00f9ng g\u1ed7 S\u1ed3i \u0111\u00e3 qua s\u1eed d\u1ee5ng l\u00e0 : Th\u00f9ng g\u1ed7 S\u1ed3i M\u1ef9 tr\u01b0\u1edbc \u0111\u00e2y \u0111\u00e3 t\u1eebng \u1ee7 r\u01b0\u1ee3u Sherry , v\u00e0 th\u00f9ng g\u1ed7 S\u1ed3i Ch\u00e2u \u00c2u \u0111\u00e3 t\u1eebng \u1ee7 r\u01b0\u1ee3u Sherry . K\u1ebft qu\u1ea3 \u0111\u00e3 \u0111em \u0111\u1ebfn cho r\u01b0\u1ee3u Macallan 12 Double Cask c\u00f3 h\u01b0\u01a1ng v\u1ecb \u0111\u1ed1i l\u1eadp gi\u1eefa l\u1ea1nh v\u00e0 \u1ea5m , ng\u1ecdt ng\u00e0o v\u00e0 cay n\u1ed3ng<\/p>\n<p>Macallan 12 Double Cask c\u00f3 h\u01b0\u01a1ng v\u1ecb K\u1eb9o b\u01a1 c\u1ee9ng , K\u1eb9o cam , K\u1eb9o t\u00e1o , Vanilia tr\u1ee9ng s\u1eefa , v\u00e0 h\u01b0\u01a1ng v\u1ecb cay n\u1ed3ng c\u1ee7a g\u1ed7 S\u1ed3i Sherry . D\u01b0 v\u1ecb ng\u1ecdt ng\u00e0o , \u1ea5m \u00e1p v\u00e0 d\u1ec5 ch\u1ecbu<\/p>\n<p>R\u01b0\u1ee3u Macallan 12 Double Cask r\u1ea5t th\u00edch h\u1ee3p d\u00f9ng \u0111\u1ec3 th\u01b0\u1edfng th\u1ee9c , ho\u1eb7c d\u00f9ng l\u00e0m qu\u00e0 bi\u1ebfu cho ng\u01b0\u1eddi , b\u1ea1n b\u00e8 m\u1ed7i khi c\u00f3 d\u1ecbp \u0111i xa v\u1ec1<\/p>\n","protected":false},"excerpt":{"rendered":"<p><strong>The Macallan 12 Double Cask 700 ml\/ 40 %<\/strong>\u00a0_ \u0110\u01b0\u1ee3c \u1ee7 trong 2 lo\u1ea1i th\u00f9ng g\u1ed7 S\u1ed3i \u0111\u00e3 qua s\u1eed d\u1ee5ng l\u00e0 : Th\u00f9ng g\u1ed7 S\u1ed3i M\u1ef9 tr\u01b0\u1edbc \u0111\u00e2y \u0111\u00e3 t\u1eebng \u1ee7 r\u01b0\u1ee3u Sherry , v\u00e0 th\u00f9ng g\u1ed7 S\u1ed3i Ch\u00e2u \u00c2u \u0111\u00e3 t\u1eebng \u1ee7 r\u01b0\u1ee3u Sherry . K\u1ebft qu\u1ea3 \u0111\u00e3 \u0111em \u0111\u1ebfn cho r\u01b0\u1ee3u Macallan 12 Double Cask c\u00f3 h\u01b0\u01a1ng v\u1ecb \u0111\u1ed1i l\u1eadp gi\u1eefa l\u1ea1nh v\u00e0 \u1ea5m , ng\u1ecdt ng\u00e0o v\u00e0 cay n\u1ed3ng<\/p>\n","protected":false},"featured_media":792,"comment_status":"open","ping_status":"closed","template":"","meta":[],"_links":{"self":[{"href":"https:\/\/sammarco.vn\/index.php?rest_route=\/wp\/v2\/product\/791"}],"collection":[{"href":"https:\/\/sammarco.vn\/index.php?rest_route=\/wp\/v2\/product"}],"about":[{"href":"https:\/\/sammarco.vn\/index.php?rest_route=\/wp\/v2\/types\/product"}],"replies":[{"embeddable":true,"href":"https:\/\/sammarco.vn\/index.php?rest_route=%2Fwp%2Fv2%2Fcomments&post=791"}],"wp:featuredmedia":[{"embeddable":true,"href":"https:\/\/sammarco.vn\/index.php?rest_route=\/wp\/v2\/media\/792"}],"wp:attachment":[{"href":"https:\/\/sammarco.vn\/index.php?rest_route=%2Fwp%2Fv2%2Fmedia&parent=791"}],"curies":[{"name":"wp","href":"https:\/\/api.w.org\/{rel}","templated":true}]}}