{"id":644,"date":"2020-11-26T01:48:57","date_gmt":"2020-11-26T01:48:57","guid":{"rendered":"http:\/\/ruouvang.demoweb.fun\/?post_type=product&#038;p=644"},"modified":"2020-11-30T07:28:56","modified_gmt":"2020-11-30T07:28:56","slug":"ruou-chivas-regal-ultis-40-500cl","status":"publish","type":"product","link":"https:\/\/sammarco.vn\/?product=ruou-chivas-regal-ultis-40-500cl","title":{"rendered":"R\u01b0\u1ee3u Chivas Regal Ultis 40%- 500cl (3c\/th\u00f9ng)"},"content":{"rendered":"<p><strong>Chivas Regal Ultis<\/strong>\u00a0&#8211;\u00a0<strong>R\u01b0\u1ee3u Chivas Ultis<\/strong>\u00a0\u0111\u01b0\u1ee3c ch\u1ecdn l\u1ecdc t\u1eeb nh\u1eefng lo\u1ea1i m\u1ea1ch nha qu\u00fd gi\u00e1 nh\u1ea5t, v\u1edbi c\u00f4ng th\u1ee9c pha ch\u1ebf b\u00ed m\u1eadt \u0111\u00e3 t\u1ea1o n\u00ean h\u01b0\u01a1ng v\u1ecb tuy\u1ec7t h\u1ea3o cho s\u1ea3n ph\u1ea9m. Th\u01b0\u1edfng th\u1ee9c m\u1ed9t ng\u1ee5m r\u01b0\u1ee3u\u00a0<strong>Chibas Regal Ultis<\/strong>\u00a0b\u1ea1n s\u1ebd c\u1ea3m nh\u1eadn h\u01b0\u01a1ng v\u1ecb ng\u1ecdt ng\u00e0o c\u1ee7a tr\u00e1i c\u00e2y thoang tho\u1ea3ng m\u00f9i h\u01b0\u01a1ng d\u1ecbu \u00eam c\u1ee7a m\u1eadt ong, k\u1ebft th\u00fac l\u00e0 s\u1ef1 m\u01b0\u1ee3t m\u00e0 n\u1ed3ng \u1ea5m c\u1ee7a vani, g\u1eebng \u0111\u00e3 \u0111em \u0111\u1ebfn nh\u1eefng tr\u1ea3i nghi\u1ec7m \u00eam d\u1ecbu nh\u1eb9 nh\u00e0ng cho ng\u01b0\u1eddi d\u00f9ng.\u00a0<strong>R\u01b0\u1ee3u Chivas Regal Ultis<\/strong>\u00a0th\u01b0\u1eddng \u0111\u01b0\u1ee3c u\u1ed1ng tr\u1ef1c ti\u1ebfp \u0111\u1ec3 c\u1ea3m nh\u1eadn tr\u1ecdn v\u1eb9n h\u01b0\u01a1ng v\u1ecb, tuy nhi\u00ean n\u1ebfu d\u00f9ng \u0111\u1ec3 pha cocktail s\u1ebd t\u1ea1o ra \u0111\u01b0\u1ee3c nh\u1eefng th\u1ee9c u\u1ed1ng \u0111\u1ed9c l\u1ea1 th\u00fa v\u1ecb.<\/p>\n<p><strong>Chivas Regal Ultis<\/strong>\u00a0&#8211;\u00a0<strong>R\u01b0\u1ee3u Chivas Ultis<\/strong>\u00a0l\u00e0 m\u1ed9t s\u1ef1 h\u00f2a ph\u1ed1i \u0111\u1ed9c t\u00f4n trong c\u00f4ng th\u1ee9c pha ch\u1ebf r\u01b0\u1ee3u, t\u1eebng nh\u1eefng nguy\u00ean li\u1ec7u th\u01b0\u1ee3ng h\u1ea1ng t\u1ea1o n\u00ean h\u01b0\u01a1ng v\u1ecb tuy\u1ec7t v\u1eddi. Ch\u00fang \u0111\u01b0\u1ee3c xem l\u00e0 d\u00f2ng s\u1ea3n ph\u1ea9m r\u01b0\u1ee3u m\u1edbi ch\u00e0o s\u00e2n c\u1ee7a gia \u0111\u00ecnh\u00a0Chivas\u00a0\u0111\u1ec3 tuy\u00ean d\u01b0\u01a1ng 5 huy\u1ec1n tho\u1ea1i pha ch\u1ebf c\u1ee7a nh\u00e0 Chivas Regal<\/p>\n<p><strong>Chivas Regal Ultis<\/strong>\u00a0&#8211;<strong>\u00a0R\u01b0\u1ee3u Chivas Ultis<\/strong>\u00a0\u0111\u01b0\u1ee3c l\u00e0m t\u1eeb b\u00ed truy\u1ec1n pha ch\u1ebf qua nhi\u1ec1u th\u1ebf k\u1ef7 c\u1ee7a nh\u00e0\u00a0<strong>Chivas\u00a0<\/strong>ch\u1eafc ch\u1eafn l\u00e0m vui l\u00f2ng nh\u1eefng ng\u01b0\u1eddi y\u00eau r\u01b0\u1ee3u v\u00e0 kh\u00f3 t\u00ednh nh\u1ea5t tr\u00ean to\u00e0n c\u1ea7u.\u00a0<strong>Chivas Ultis<\/strong>\u00a0\u0111\u01b0\u1ee3c b\u1eadc th\u1ea7y Scott truy\u1ec1n t\u1ea3i v\u00e0o s\u1ef1 t\u01b0\u1edbi m\u1edbi tinh t\u1ebf c\u1ee7a Tormore, \u1ea5m n\u1ed3ng t\u1eeb AlltA&#8217;Bhainne, c\u00e2n b\u1eb1ngt\u1eeb Longmorn, phong c\u00e1ch c\u1ee7a Braeval v\u00e0 v\u1ecb ng\u1ecdt tr\u00e1i c\u00e2y c\u1ee7a Strathisla. Hay n\u00f3i c\u00e1ch kh\u00e1c,\u00a0whisky\u00a0m\u1ea1ch nha pha tr\u1ed9n tuy\u1ec7t v\u1edbi n\u00e0y \u0111\u1ec3 t\u00f4n vinh s\u1ee9c m\u1ea1nh c\u1ee7a t\u1ea7m nh\u00ecn, s\u1ef1 cam k\u1ebft v\u00e0 l\u00e0m ch\u1ee7 c\u1ee7a Charles Howard, Charles Julian, Alan Baillie, Jimmy Lang v\u00e0 Colin Scott.<\/p>\n","protected":false},"excerpt":{"rendered":"<p>&nbsp;<\/p>\n<ul>\n<li><span class=\"sp-title\">Th\u01b0\u01a1ng hi\u1ec7u:<\/span>Chivas<\/li>\n<li><span class=\"sp-title\">Ph\u00e2n lo\u1ea1i:<\/span>Whisky Blend<\/li>\n<li><span class=\"sp-title\">N\u1ed3ng \u0111\u1ed9:<\/span><span class=\"sp-content\">40,0%<\/span><\/li>\n<li><span class=\"sp-title\">Dung t\u00edch:<\/span><span class=\"sp-content\">700 mL<\/span><\/li>\n<li><span class=\"sp-title\">Tu\u1ed5i r\u01b0\u1ee3u:<\/span><span class=\"sp-content\">NAS (No Age Statement)<\/span><\/li>\n<li><span class=\"sp-title\">Xu\u1ea5t x\u1ee9:<\/span>Scotland<\/li>\n<\/ul>\n<p>&nbsp;<\/p>\n","protected":false},"featured_media":645,"comment_status":"open","ping_status":"closed","template":"","meta":[],"_links":{"self":[{"href":"https:\/\/sammarco.vn\/index.php?rest_route=\/wp\/v2\/product\/644"}],"collection":[{"href":"https:\/\/sammarco.vn\/index.php?rest_route=\/wp\/v2\/product"}],"about":[{"href":"https:\/\/sammarco.vn\/index.php?rest_route=\/wp\/v2\/types\/product"}],"replies":[{"embeddable":true,"href":"https:\/\/sammarco.vn\/index.php?rest_route=%2Fwp%2Fv2%2Fcomments&post=644"}],"wp:featuredmedia":[{"embeddable":true,"href":"https:\/\/sammarco.vn\/index.php?rest_route=\/wp\/v2\/media\/645"}],"wp:attachment":[{"href":"https:\/\/sammarco.vn\/index.php?rest_route=%2Fwp%2Fv2%2Fmedia&parent=644"}],"curies":[{"name":"wp","href":"https:\/\/api.w.org\/{rel}","templated":true}]}}