{"id":513,"date":"2020-11-25T03:09:40","date_gmt":"2020-11-25T03:09:40","guid":{"rendered":"http:\/\/ruouvang.demoweb.fun\/?post_type=product&#038;p=513"},"modified":"2020-11-30T07:32:09","modified_gmt":"2020-11-30T07:32:09","slug":"ruou-chivas-royal-mizunara-40-700cl","status":"publish","type":"product","link":"https:\/\/sammarco.vn\/?product=ruou-chivas-royal-mizunara-40-700cl","title":{"rendered":"R\u01b0\u1ee3u Chivas Royal Mizunara 40%- 700cl (6c\/th\u00f9ng)"},"content":{"rendered":"<p class=\"Value detailDec\"><span id=\"lbldec\">Colin Scott \u0111\u00e3 l\u1ef1a ch\u1ecdn c\u1ea9n th\u1eadn m\u1ea1ch nha &amp; ng\u0169 c\u1ed1c pha tr\u1ed9n v\u00e0 t\u1ea5t c\u1ea3 \u0111\u01b0\u1ee3c \u1ee7 trong th\u00f9ng g\u1ed7 s\u1ed3i Mizunara \u0111\u01b0\u1ee3c ph\u1ed1i tr\u1ed9n t\u1eeb whisky tr\u00ean 12 n\u0103m tr\u1edf l\u00ean\u00a0\u0111\u1ec3 cho ra r\u01b0\u1ee3u\u00a0<strong>Chivas Mizunara<\/strong>\u00a0h\u01b0\u01a1ng v\u1ecb \u0111\u1ed9c \u0111\u00e1o.<\/span><\/p>\n<p>\u0110\u00e2y l\u00e0 m\u1ed9t trong nh\u1eefng chia Chivas \u0111\u1eb7c bi\u1ec7t c\u1ee7a h\u00e3ng Chivas regal s\u1ea3n xu\u1ea5t ri\u00eang cho th\u1ecb tr\u01b0\u1eddng whisky Nh\u1eadt B\u1ea3n. Chai\u00a0<strong>Whisky Chivas Mizunara<\/strong>\u00a0n\u00e0y \u0111\u01b0\u1ee3c b\u1eadc th\u1ea7y ph\u1ed1i ch\u1ebf Collin Scott l\u1ea5y c\u1ea3m h\u1ee9ng t\u1eeb ph\u1ecdng v\u1ecb Whisky c\u1ee7a ng\u01b0\u1eddi Nh\u1eadt B\u1ea3n, \u0111i\u1ec3m nh\u1ea5n r\u00f5 n\u00e9t nh\u1ea5t cho s\u1ef1 kh\u00e1ch bi\u1ec7t ngo\u00e0i tem nh\u00e3n r\u1ea5t Nh\u1eadt b\u1ea3n c\u00f2n \u0111\u1eb7c bi\u1ec7t h\u01a1n v\u1edbi m\u00f9i v\u1ecb th\u01a1m Vanilla s\u1ed3i, m\u00f9i g\u1ed7 s\u1ed3i Nh\u1eadt b\u1ea3n ( hay c\u00f2n g\u1ecdi l\u00e0 Mizunara theo ti\u1ebfng nh\u1eadt) v\u00ec chai n\u00e0y sau khi \u1ee7 th\u00f9ng g\u1ed7 s\u1ed3i ch\u00e2u \u00e2u \u2013 European Oak c\u00f2n \u1ee7 th\u00eam qua th\u00f9ng g\u1ed7 s\u1ed3i Nh\u1eadt b\u1ea3n (g\u1ed7 tuy\u1ebft t\u00f9ng cho ra h\u01b0\u01a1ng v\u1ecb r\u1ea5t \u0111\u1eb7c tr\u01b0ng nh\u01b0 whisky Nh\u1eadt cao c\u1ea5p) c\u1ea3m nh\u1eadn r\u1ea5t \u0111\u1ea7m v\u00e0 d\u1ecbu ng\u1ecdt kh\u00f4ng kh\u00e9, g\u1eaft nh\u01b0 nh\u1eefng lo\u1ea1i th\u01b0\u1eddng kh\u00e1c. T\u1ea5t c\u1ea3 c\u00e1c Whisky nguy\u00ean li\u1ec7u d\u00f9ng \u0111\u1ec3 Blend chai n\u00e0y \u0111\u1ec1u c\u00f3 tu\u1ed5i \u1ee7 t\u1eeb 12 n\u0103m tr\u1edf l\u00ean.<\/p>\n<p><strong>Chivas Mizunara Xanh Nh\u1eadt B\u1ea3n<\/strong>\u00a0c\u00f3 \u0111\u1ed9 c\u1ed3n 40% r\u1ea5t ph\u00f9 h\u1ee3p v\u1edbi gu u\u1ed1ng whisky c\u1ee7a ng\u01b0\u1eddi \u00c1 \u0110\u00f4ng nh\u01b0 Nh\u1eadt B\u1ea3n v\u00e0 Vi\u1ec7t Nam.<\/p>\n<p>\u1ede Vi\u1ec7t Nam, Hi\u1ec7n t\u1ea1i ch\u1ec9 c\u00f3 h\u00e0ng x\u00e1ch tay v\u1ec1 v\u1edbi s\u1ed1 l\u01b0\u1ee3ng r\u1ea5t \u00edt. V\u00ec r\u01b0\u1ee3u n\u00e0y kh\u00f4ng b\u00e1n t\u1ea1i c\u00e1c th\u1ecb tr\u01b0\u1eddng kh\u00e1c ngo\u00e0i Nh\u1eadt B\u1ea3n.<\/p>\n","protected":false},"excerpt":{"rendered":"<p>M\u00e3 s\u1ea3n ph\u1ea9m: CHIV07<br \/>\nR\u01b0\u1ee3u Chivas Mizunara Special Edition (Chivas xanh 12-Nh\u1eadt)<br \/>\nDung t\u00edch : 700ml<br \/>\nN\u1ed3ng \u0111\u1ed9 : 40%<\/p>\n","protected":false},"featured_media":514,"comment_status":"open","ping_status":"closed","template":"","meta":[],"_links":{"self":[{"href":"https:\/\/sammarco.vn\/index.php?rest_route=\/wp\/v2\/product\/513"}],"collection":[{"href":"https:\/\/sammarco.vn\/index.php?rest_route=\/wp\/v2\/product"}],"about":[{"href":"https:\/\/sammarco.vn\/index.php?rest_route=\/wp\/v2\/types\/product"}],"replies":[{"embeddable":true,"href":"https:\/\/sammarco.vn\/index.php?rest_route=%2Fwp%2Fv2%2Fcomments&post=513"}],"wp:featuredmedia":[{"embeddable":true,"href":"https:\/\/sammarco.vn\/index.php?rest_route=\/wp\/v2\/media\/514"}],"wp:attachment":[{"href":"https:\/\/sammarco.vn\/index.php?rest_route=%2Fwp%2Fv2%2Fmedia&parent=513"}],"curies":[{"name":"wp","href":"https:\/\/api.w.org\/{rel}","templated":true}]}}