{"id":482,"date":"2020-11-26T07:06:21","date_gmt":"2020-11-26T07:06:21","guid":{"rendered":"http:\/\/ruouvang.demoweb.fun\/?post_type=product&#038;p=482"},"modified":"2020-11-30T07:38:59","modified_gmt":"2020-11-30T07:38:59","slug":"ruou-johnnie-walker-xr21-hop-qua-f18-40-750cl","status":"publish","type":"product","link":"https:\/\/sammarco.vn\/?product=ruou-johnnie-walker-xr21-hop-qua-f18-40-750cl","title":{"rendered":"R\u01b0\u1ee3u Johnnie Walker XR21 H\u1ed9p qu\u00e0 F18 40%- 750cl (6c\/th\u00f9ng)"},"content":{"rendered":"<p><strong>&#8211; Johnnie Walker X.R 21 n\u0103m<\/strong>\u00a0l\u00e0 Whisky danh gi\u00e1 d\u00e0nh cho nh\u1eefng s\u1ef1 ki\u1ec7n quan tr\u1ecdng \u0111\u1ec3 ti\u1ebfp \u0111\u00e3i kh\u00e1ch h\u00e0ng \u0111\u1ed1i t\u00e1c hay nh\u1eefng ngu\u1eddi say m\u00ea lo\u1ea1i Whisky Scotch h\u1ea1ng sang . \u0110\u01b0\u1ee3c ch\u1ebf t\u00e1c t\u1eeb c\u00e1c lo\u1ea1i Whisky thu\u1ee3ng h\u1ea1ng v\u00e0 \u0111\u01b0\u1ee3c \u1ee7 trong nh\u1eefng th\u00f9ng g\u1ed7 S\u1ed3i \u00edt nh\u1ea5t 21 n\u0103m v\u1edbi s\u1ef1 h\u00f2a quy\u1ec7n ho\u00e0n h\u1ea3o c\u1ee7a m\u00f9i g\u1ed7 S\u1ed3i l\u00e2u n\u0103m , c\u00f9ng v\u1edbi h\u01b0\u01a1ng v\u1ecb Vanilla ph\u1ea3ng ph\u1ea5t , c\u00f9ng s\u1ef1 ng\u1ecdt ng\u00e0o \u0111\u1ebfn k\u1ef3 l\u1ea1 c\u1ee7a M\u1eadt ong , c\u0169ng nh\u01b0 s\u1ef1 \u0111\u1ecdng r\u1ea5t l\u00e2u sau khi u\u1ed1ng<\/p>\n<p>&#8211; Ch\u1ea5t r\u01b0\u1ee3u v\u00e0ng s\u00f3ng s\u00e1nh c\u1ee7a r\u01b0\u1ee3u Johnnie Walker XR 21 n\u0103m tu\u1ed5i \u0111\u01b0\u1ee3c c\u1ea5t gi\u1eef trong chi\u1ebfc b\u00ecnh ch\u1ea1m tr\u1ed5 tinh t\u1ebf mang d\u1ea5u \u1ea5n s\u00e1ng t\u1ea1o c\u1ee7a th\u1eadp t\u1ef1 gi\u00e1 uy nghi c\u1ee7a Ho\u00e0ng gia v\u00e0 c\u00e1c t\u1ea7ng l\u1edbp Qu\u00fd t\u1ed9c Anh<\/p>\n<p><strong>JOHNNIE WALKER XR 21 :<\/strong>l\u00e0 d\u00f2ng Whisky h\u1ea1ng sang c\u00f3 h\u00ecnh th\u1ee9c \u0111\u1eb9p m\u1eaft , h\u1ed9p \u0111\u1ef1ng r\u01b0\u1ee3u b\u1eb1ng da c\u00f3 m\u1ea7u v\u00e0ng qu\u00fd ph\u00e1i , in tr\u00ean \u0111\u00f3 l\u00e0 d\u00f2ng ch\u1eef XR 21 c\u00f3 kh\u1ed5 ch\u1eef to m\u1ea7u m\u1eadn ch\u00edn g\u00f3p ph\u1ea7n nh\u1ea5n m\u1ea1nh t\u00ean g\u1ecdi c\u1ee7a d\u00f2ng r\u01b0\u1ee3u qu\u00fd t\u1ed9c n\u00e0y<\/p>\n<p>&#8211; \u00d0\u1ec3 th\u1eadt s\u1ef1 th\u01b0\u1edfng th\u1ee9c \u0111\u01b0\u1ee3c h\u01b0\u01a1ng v\u1ecb tuy\u1ec7t h\u1ea3o n\u00e0y , h\u00e3y d\u00f9ng r\u01b0\u1ee3u Johnnie Walker XR 21 n\u0103m tu\u1ed5i nguy\u00ean ch\u1ea5t ho\u1eb7c d\u00f9ng k\u00e8m v\u1edbi 1 ly soda v\u00e0 \u0111\u00e1 l\u1ea1nh , s\u1ef1 k\u1ebft h\u1ee3p n\u00e0y s\u1ebd t\u0103ng th\u00eam h\u01b0\u01a1ng v\u1ecb \u0111\u1eadm \u0111\u00e0 c\u1ee7a Johnnie Walker XR 21 n\u0103m tu\u1ed5i<\/p>\n","protected":false},"excerpt":{"rendered":"<p>M\u00e3 s\u1ea3n ph\u1ea9m: JOHN06<\/p>\n<p class=\"product_desc\">Dung T\u00edch: 750 ml<\/p>\n<p class=\"product_desc\">N\u1ed3ng \u0110\u1ed9:\u00a040 %<\/p>\n","protected":false},"featured_media":483,"comment_status":"open","ping_status":"closed","template":"","meta":[],"_links":{"self":[{"href":"https:\/\/sammarco.vn\/index.php?rest_route=\/wp\/v2\/product\/482"}],"collection":[{"href":"https:\/\/sammarco.vn\/index.php?rest_route=\/wp\/v2\/product"}],"about":[{"href":"https:\/\/sammarco.vn\/index.php?rest_route=\/wp\/v2\/types\/product"}],"replies":[{"embeddable":true,"href":"https:\/\/sammarco.vn\/index.php?rest_route=%2Fwp%2Fv2%2Fcomments&post=482"}],"wp:featuredmedia":[{"embeddable":true,"href":"https:\/\/sammarco.vn\/index.php?rest_route=\/wp\/v2\/media\/483"}],"wp:attachment":[{"href":"https:\/\/sammarco.vn\/index.php?rest_route=%2Fwp%2Fv2%2Fmedia&parent=482"}],"curies":[{"name":"wp","href":"https:\/\/api.w.org\/{rel}","templated":true}]}}