{"id":476,"date":"2020-11-26T04:30:24","date_gmt":"2020-11-26T04:30:24","guid":{"rendered":"http:\/\/ruouvang.demoweb.fun\/?post_type=product&#038;p=476"},"modified":"2020-11-27T07:42:14","modified_gmt":"2020-11-27T07:42:14","slug":"ruou-johnnie-walker-gold-reserve-40-175-lit","status":"publish","type":"product","link":"https:\/\/sammarco.vn\/?product=ruou-johnnie-walker-gold-reserve-40-175-lit","title":{"rendered":"R\u01b0\u1ee3u Johnnie Walker Gold  Reserve 40%  1,75 L\u00edt"},"content":{"rendered":"<p class=\"fr-tag\">R\u01b0\u1ee3u Johnnie Walker Gold 1.75L bao g\u1ed3m k\u1ec7 v\u00e0 h\u1ed9p.<\/p>\n<p class=\"fr-tag\"><strong>R\u01b0\u1ee3u Johnnie Walker Gold Reserve<\/strong><strong>,<\/strong>\u00a0\u0111\u01b0\u1ee3c ra m\u1eaft n\u0103m 2012 \u0111\u1ec3 thay th\u1ebf cho d\u00f2ng ti\u1ec1n th\u00e2n c\u1ee7a n\u00f3 \u0111\u00f3 l\u00e0\u00a0<strong>Johnnie Walker Gold Label 18 years.\u00a0<\/strong>Trong th\u00e0nh ph\u1ea7n c\u1ee7a Gold Reserve \u0111\u1ebfn t\u1eeb single malt whisky c\u1ee7a nh\u00e0 Clynelish,\u00a0 m\u1ed7i chai r\u01b0\u1ee3u \u0111\u01b0\u1ee3c nh\u00e0 Pha Ch\u1ebf Tr\u01b0\u1edfng (Master Blender) Jim Beveridge \u0111\u00edch th\u00e2n t\u1ea1o ra t\u1eeb nh\u1eefng lo\u1ea1i whisky h\u1ea3o h\u1ea1ng trong kho t\u00e0ng ri\u00eang c\u1ee7a gia \u0111\u00ecnh Johnnie Walker.<\/p>\n","protected":false},"excerpt":{"rendered":"<p>Dung t\u00edch:1750ml<\/p>\n<p>N\u1ed3ng \u0111\u1ed9:40%<\/p>\n","protected":false},"featured_media":878,"comment_status":"open","ping_status":"closed","template":"","meta":[],"_links":{"self":[{"href":"https:\/\/sammarco.vn\/index.php?rest_route=\/wp\/v2\/product\/476"}],"collection":[{"href":"https:\/\/sammarco.vn\/index.php?rest_route=\/wp\/v2\/product"}],"about":[{"href":"https:\/\/sammarco.vn\/index.php?rest_route=\/wp\/v2\/types\/product"}],"replies":[{"embeddable":true,"href":"https:\/\/sammarco.vn\/index.php?rest_route=%2Fwp%2Fv2%2Fcomments&post=476"}],"wp:featuredmedia":[{"embeddable":true,"href":"https:\/\/sammarco.vn\/index.php?rest_route=\/wp\/v2\/media\/878"}],"wp:attachment":[{"href":"https:\/\/sammarco.vn\/index.php?rest_route=%2Fwp%2Fv2%2Fmedia&parent=476"}],"curies":[{"name":"wp","href":"https:\/\/api.w.org\/{rel}","templated":true}]}}