{"id":470,"date":"2020-11-26T11:11:33","date_gmt":"2020-11-26T11:11:33","guid":{"rendered":"http:\/\/ruouvang.demoweb.fun\/?post_type=product&#038;p=470"},"modified":"2020-11-30T07:37:29","modified_gmt":"2020-11-30T07:37:29","slug":"ruou-johnnie-walker-double-black-label-40-1-lit","status":"publish","type":"product","link":"https:\/\/sammarco.vn\/?product=ruou-johnnie-walker-double-black-label-40-1-lit","title":{"rendered":"R\u01b0\u1ee3u Johnnie Walker Double Black Label 40% &#8211; 1 L\u00edt (12c\/th\u00f9ng)"},"content":{"rendered":"<p>Johnnie walker Double black\u00a0c\u00f3 m\u1eb7t t\u1ea1i Vi\u1ec7t Nam n\u0103m 2010 v\u00e0 qua m\u1ed9t th\u1eddi gian ng\u01b0\u1eddi ti\u00eau d\u00f9ng bi\u1ebft s\u1ea3n ph\u1ea9m,\u00a0Double black\u00a0\u0111ang c\u00f3 ch\u1ed7 \u0111\u1ee9ng trong s\u1ef1 tin c\u1eady c\u1ee7a ng\u01b0\u1eddi d\u00f9ng. V\u1edbi h\u01b0\u01a1ng v\u1ecb kh\u00f3i t\u1ef1 nhi\u00ean v\u00e0 h\u01b0\u01a1ng g\u1ed7 s\u1ed3i kinh \u0111i\u1ec3n c\u1ed9ng v\u1edbi ch\u00fat nh\u1eb9 nh\u00e0nh tr\u00e1i c\u00e2y ch\u00edn\u00a0Johnnie walker\u00a0gi\u00fap ni\u1ec1m \u0111am m\u00ea whisky c\u1ee7a nh\u1eefng ng\u01b0\u1eddi s\u00e0nh r\u01b0\u1ee3u th\u00eam ho\u00e0n h\u1ea3o.<\/p>\n<p>Johnnie Walker Double Black\u00a0l\u00e0 s\u1ef1 b\u1ed5 sung m\u1edbi nh\u1ea5t cho gia \u0111\u00ecnh Johnnie Walker Scotch whisky. \u0110\u00f3 l\u00e0 tr\u01b0\u1edbc \u0111\u00e2y ch\u1ec9 c\u00f3 \u1edf c\u00e1c c\u1eeda h\u00e0ng mi\u1ec5n thu\u1ebf to\u00e0n c\u1ea7u, nh\u01b0ng n\u00f3 ch\u1ec9 \u0111\u01b0\u1ee3c ph\u00e1t h\u00e0nh trong m\u1ed9t th\u1eddi gian h\u1ea1n ch\u1ebf, th\u1ecb tr\u01b0\u1eddng \u0111\u1ea1i ch\u00fang.<\/p>\n<p>Double Black\u00a0b\u1eaft \u0111\u1ea7u v\u1edbi c\u00e1c m\u1eabu\u00a0Black Label, v\u00e0 t\u1eeb \u0111\u00f3, n\u00f3 cho bi\u1ebft th\u00eam lo\u1ea1i m\u1ea1ch nha peatier v\u00e0 m\u1ea1ch nha trong th\u00f9ng g\u1ed7 s\u1ed3i ch\u00e1y th\u00e0nh than r\u1ea5t nhi\u1ec1u tu\u1ed5i &#8211; k\u1ebft qu\u1ea3 l\u00e0 m\u1ed9t \u0111\u01a1n vi\u0323 smokier h\u01a1n so v\u1edbi b\u1ea3n g\u1ed1c. V\u00e0 trong khi\u00a0Black Label\u00a0\u0111\u01b0\u1ee3c trong 12 n\u0103m tu\u1ed5i,\u00a0Johnnie Walker Double Black\u00a0mang kh\u00f4ng c\u00f3 b\u00e1o c\u00e1o tu\u1ed5i.<\/p>\n<p>Double Black cung c\u1ea5p m\u00f9i h\u01b0\u01a1ng c\u1ee7a c\u00e1c lo\u1ea1i tr\u00e1i c\u00e2y kh\u00f3i than b\u00f9n, g\u1ed7 s\u1ed3i v\u00e0 kh\u00f4. Nh\u1ea5p m\u1ed9t ng\u1ee5m v\u00e0 th\u1ea5y kh\u00f3i bay l\u00ean, c\u1ed9ng th\u00eam m\u1ed9t s\u1ed1 ch\u00fat tr\u00e1i c\u00e2y nhi\u1ec7t \u0111\u1edbi d\u1ec5 ch\u1ecbu vanilla, v\u00e0 gia v\u1ecb. N\u00f3 ho\u00e0n to\u00e0n c\u00f3 th\u1ec3 u\u1ed1ng \u0111\u01b0\u1ee3c, v\u1edbi m\u1ed9t mouthfeel d\u1ec5 t\u00ednh v\u00e0 k\u1ebft th\u00fac kh\u00f4, nh\u01b0ng \u0111\u00f3 l\u00e0 m\u1ed9t ch\u00fat n\u1eb7ng tay tr\u00ean s\u1ed3i, v\u1edbi r\u1ea5t nhi\u1ec1u char t\u1edbi th\u00f4ng qua.<\/p>\n<p>Johnnie Walker Double Black\u00a0ch\u1eafc ch\u1eafn l\u00e0 kh\u00f4ng thay th\u1ebf cho whisky Islay than b\u00f9n nh\u01b0 Laphroaig ho\u1eb7c Bowmore , nh\u01b0ng n\u00f3 ph\u1ea3i thu h\u00fat ng\u01b0\u1eddi h\u00e2m m\u1ed9 c\u1ee7a\u00a0Johnnie Walker\u00a0\u0111ang t\u00ecm ki\u1ebfm m\u1ed9t whisky v\u1edbi m\u1ed9t s\u1ed1 kh\u00f3i than b\u00f9n v\u1eeba ph\u1ea3i. \u0110\u00f3 l\u00e0 kh\u00e1c nhau, \u0111\u1ee7 t\u1eeb ng\u01b0\u1eddi anh em h\u1ecd\u00a0Black Label\u00a0c\u1ee7a n\u00f3 \u0111\u1ec3 \u0111\u1ea3m b\u1ea3o l\u1ea5y m\u1eabu, nh\u01b0ng kh\u00f4ng v\u00ec th\u1ebf kh\u00e1c nhau \u0111\u1ec3 xa l\u00e1nh u\u1ed1ng c\u1ee7a b\u1ea3n g\u1ed1c. \u0110i\u1ec1u \u0111\u00f3 n\u00f3i r\u1eb1ng, c\u1ee7a n\u00f3 t\u01b0\u01a1ng th\u00eam t\u00ean v\u00e0 t\u00ecm ki\u1ebfm h\u01a1n h\u01b0\u01a1ng v\u1ecb c\u00f3 th\u1ec3 d\u1eabn \u0111\u1ebfn m\u1ed9t s\u1ed1 s\u1ef1 m\u1ea5t \u0111i cho th\u01b0\u01a1ng hi\u1ec7u.<\/p>\n","protected":false},"excerpt":{"rendered":"<p>M\u00e3 s\u1ea3n ph\u1ea9m: JOHN03<\/p>\n<p>Xu\u1ea5t x\u1ee9:\u00a0<strong>Scotland<\/strong><\/p>\n<p>N\u1ed3ng \u0111\u1ed9 (% vol):\u00a0<strong>40<\/strong><\/p>\n<p>Th\u1ec3 t\u00edch (ml):\u00a0<strong>1000<\/strong><\/p>\n<p>K\u00edch th\u01b0\u1edbc:<\/p>\n<div class=\"clearfix\"><\/div>\n<div id=\"order-box\"><\/div>\n","protected":false},"featured_media":472,"comment_status":"open","ping_status":"closed","template":"","meta":[],"_links":{"self":[{"href":"https:\/\/sammarco.vn\/index.php?rest_route=\/wp\/v2\/product\/470"}],"collection":[{"href":"https:\/\/sammarco.vn\/index.php?rest_route=\/wp\/v2\/product"}],"about":[{"href":"https:\/\/sammarco.vn\/index.php?rest_route=\/wp\/v2\/types\/product"}],"replies":[{"embeddable":true,"href":"https:\/\/sammarco.vn\/index.php?rest_route=%2Fwp%2Fv2%2Fcomments&post=470"}],"wp:featuredmedia":[{"embeddable":true,"href":"https:\/\/sammarco.vn\/index.php?rest_route=\/wp\/v2\/media\/472"}],"wp:attachment":[{"href":"https:\/\/sammarco.vn\/index.php?rest_route=%2Fwp%2Fv2%2Fmedia&parent=470"}],"curies":[{"name":"wp","href":"https:\/\/api.w.org\/{rel}","templated":true}]}}