{"id":1121,"date":"2026-03-02T07:05:55","date_gmt":"2026-03-02T07:05:55","guid":{"rendered":"https:\/\/sammarco.vn\/?post_type=product&#038;p=1121"},"modified":"2026-04-10T15:41:31","modified_gmt":"2026-04-10T15:41:31","slug":"the-macallan-12-years-old-highland-single-malt-scotch-whisky","status":"publish","type":"product","link":"https:\/\/sammarco.vn\/?product=the-macallan-12-years-old-highland-single-malt-scotch-whisky","title":{"rendered":"The Macallan 12 Years Old Highland Single Malt Scotch Whisky."},"content":{"rendered":"<p>R\u01b0\u1ee3u Macallan Double Cask 12 n\u0103m tu\u1ed5i c\u00f3 \u0111\u1eb7c \u0111i\u1ec3m l\u00e0 s\u1ef1 k\u1ebft h\u1ee3p ho\u00e0n h\u1ea3o gi\u1eefa th\u00f9ng g\u1ed7 s\u1ed3i ch\u00e2u \u00c2u v\u00e0 ch\u00e2u M\u1ef9, \u1ee7 v\u1edbi r\u01b0\u1ee3u sherry \u1edf Jerez de la Frontera, T\u00e2y Ban Nha.<\/p>\n<p>Khi th\u01b0\u1edfng th\u1ee9c Double Cask 12 n\u0103m tu\u1ed5i, b\u1ea1n s\u1ebd c\u1ea3m nh\u1eadn \u0111\u01b0\u1ee3c h\u01b0\u01a1ng th\u01a1m c\u1ee7a k\u1eb9o m\u1ec1m v\u1edbi cam v\u00e0 chanh, c\u00f9ng h\u01b0\u01a1ng vani v\u00e0 gia v\u1ecb nh\u1eb9 nh\u00e0ng.<\/p>\n<p>H\u01b0\u01a1ng nho kh\u00f4 s\u00f4 c\u00f4 la s\u1eefa v\u00e0 k\u1eb9o b\u01a1 c\u1ee9ng b\u00e9o ng\u1eady tr\u00ean v\u00f2m mi\u1ec7ng \u0111\u01b0\u1ee3c c\u00e2n b\u1eb1ng v\u1edbi v\u1ecf cam v\u00e0 gia v\u1ecb nh\u1eb9 nh\u00e0ng. H\u1eadu v\u1ecb \u1edf m\u1ee9c trung b\u00ecnh v\u1edbi h\u01b0\u01a1ng g\u1ed7 s\u1ed3i ng\u1ecdt ng\u00e0o.<\/p>\n<p>B\u1ed9 s\u01b0u t\u1eadp Macallan Double Cask t\u00f4n vinh s\u1ef1 c\u00e2n b\u1eb1ng ho\u00e0n h\u1ea3o gi\u1eefa nh\u1eefng th\u00f9ng g\u1ed7 s\u1ed3i M\u1ef9 v\u00e0 ch\u00e2u \u00c2u h\u1ea3o h\u1ea1ng \u0111\u01b0\u1ee3c \u1ee7 sherry, ph\u00f4 b\u00e0y m\u00e0u s\u1eafc ho\u00e0n to\u00e0n t\u1ef1 nhi\u00ean c\u1ee7a ch\u00fang t\u00f4i. S\u1ef1 k\u1ebft h\u1ee3p h\u00e0i h\u00f2a n\u00e0y mang \u0111\u1ebfn v\u1ecb ng\u1ecdt ng\u00e0o \u0111\u1eb7c tr\u01b0ng c\u1ee7a vani v\u00e0 tr\u00e1i c\u00e2y t\u01b0\u01a1i t\u1eeb g\u1ed7 s\u1ed3i M\u1ef9, h\u00f2a quy\u1ec7n c\u00f9ng h\u01b0\u01a1ng gia v\u1ecb d\u1ecbu nh\u1eb9 v\u00e0 tr\u00e1i c\u00e2y kh\u00f4 t\u1eeb g\u1ed7 s\u1ed3i ch\u00e2u \u00c2u. C\u00e0ng \u0111\u1ec3 l\u00e2u, h\u01b0\u01a1ng v\u1ecb c\u00e0ng ph\u1ee9c t\u1ea1p, nh\u1eefng ng\u01b0\u1eddi s\u00e0nh r\u01b0\u1ee3u s\u1ebd c\u1ea3m nh\u1eadn \u0111\u01b0\u1ee3c v\u1ecb whisky \u00eam d\u1ecbu v\u00e0 b\u00e9o ng\u1eady c\u1ee7a b\u1ed9 s\u01b0u t\u1eadp n\u00e0y.<\/p>\n<p>M\u1ed7i c\u00e2u chuy\u1ec7n \u0111\u1ec1u c\u00f3 ngu\u1ed3n g\u1ed1c, m\u1ed7i cu\u1ed9c phi\u00eau l\u01b0u \u0111\u1ec1u l\u00e0 n\u01a1i kh\u1edfi ngu\u1ed3n: c\u00e2u chuy\u1ec7n c\u1ee7a ch\u00fang t\u00f4i b\u1eaft \u0111\u1ea7u t\u1eeb nh\u1eefng c\u00e1nh r\u1eebng s\u1ed3i c\u1ee7a hai v\u00f9ng \u0111\u1ea5t \u0111\u1ed9c \u0111\u00e1o: Ch\u00e2u M\u1ef9 v\u00e0 B\u1eafc \u00c2u. Nh\u1edd H\u1ec7 th\u1ed1ng Theo d\u00f5i Th\u00f9ng r\u01b0\u1ee3u \u0111\u1ed9c \u0111\u00e1o v\u00e0 \u0111\u01b0\u1ee3c c\u1ea5p b\u1eb1ng s\u00e1ng ch\u1ebf, The Macallan \u0111\u00e3 \u0111\u1ea1t \u0111\u01b0\u1ee3c chu\u1ed7i l\u01b0u gi\u1eef th\u00f9ng r\u01b0\u1ee3u t\u1eeb c\u00e1c x\u01b0\u1edfng \u0111\u00f3ng th\u00f9ng \u1edf T\u00e2y Ban Nha, qua c\u00e1c h\u1ea7m \u1ee7 r\u01b0\u1ee3u sherry \u0111\u1ebfn c\u00e1c kho h\u00e0ng Speyside \u1edf Scotland.<\/p>\n<p>S\u1ef1 t\u01b0\u01a1ng ph\u1ea3n gi\u1eefa m\u00e0u tr\u1eafng v\u00e0 \u0111\u1ecf trong thi\u1ebft k\u1ebf Double Cask 12 Years Old, v\u1edbi m\u00e0u \u0111\u1ecf t\u01b0\u1ee3ng tr\u01b0ng cho g\u1ed7 s\u1ed3i ch\u00e2u \u00c2u v\u00e0 g\u1ed7 s\u1ed3i tr\u1eafng M\u1ef9. \u1ede trung t\u00e2m, s\u1ef1 ph\u1ee9c t\u1ea1p \u0111\u01b0\u1ee3c m\u1edf ra, m\u1ed9t s\u1ef1 k\u1ebft h\u1ee3p gi\u1eefa nh\u1eefng \u0111\u01b0\u1eddng n\u00e9t b\u1ea5t th\u01b0\u1eddng v\u00e0 c\u00e1c ch\u1eef c\u00e1i ch\u1ed3ng ch\u00e9o l\u00ean nhau.<\/p>\n<p>Nh\u1eefng \u0111i\u1ec3m nh\u1ea5n tinh t\u1ebf c\u1ee7a h\u1ecda ti\u1ebft bao b\u00ec v\u00e0 v\u00e2n g\u1ed7 t\u1ea1o n\u00ean chi\u1ec1u s\u00e2u, l\u00e0m n\u1ed5i b\u1eadt k\u1ebft c\u1ea5u t\u1ed5ng th\u1ec3. M\u1ed7i con s\u1ed1 tr\u00ean c\u00e1c m\u00e0u s\u1eafc kh\u00e1c nhau th\u1ec3 hi\u1ec7n s\u1ef1 c\u00e2n b\u1eb1ng gi\u1eefa tr\u1eafng v\u00e0 \u0111\u1ecf, m\u1ed9t ph\u00e9p \u1ea9n d\u1ee5 tr\u1ef1c quan cho s\u1ef1 c\u00e2n b\u1eb1ng c\u1ee7a hai lo\u1ea1i g\u1ed7 s\u1ed3i, trong khi hai s\u1eafc \u0111\u1ecf th\u1ec3 hi\u1ec7n hai lo\u1ea1i r\u01b0\u1ee3u sherry: M\u1ef9 v\u00e0 Ch\u00e2u \u00c2u.<\/p>\n<p>R\u01b0\u1ee3u n\u1ed5i b\u1eadt v\u1edbi m\u00e0u v\u00e0ng h\u1ed5 ph\u00e1ch t\u1ef1 nhi\u00ean. Khi th\u01b0\u1edfng th\u1ee9c, b\u1ea1n s\u1ebd c\u1ea3m nh\u1eadn \u0111\u01b0\u1ee3c h\u01b0\u01a1ng tr\u00e1i c\u00e2y kh\u00f4, g\u1eebng, nh\u1ee5c \u0111\u1eadu kh\u1ea5u quy\u1ec7n c\u00f9ng v\u1ecb ng\u1ecdt c\u1ee7a k\u1eb9o b\u01a1 c\u1ee9ng v\u00e0 g\u1ed7 s\u1ed3i<\/p>\n","protected":false},"excerpt":{"rendered":"<ul id=\"product-info\">\n<li>Xu\u1ea5t x\u1ee9 <strong>Scotland<\/strong><\/li>\n<li>Nh\u00e3n hi\u1ec7u <strong>Macallan<\/strong><\/li>\n<li>N\u1ed3ng \u0111\u1ed9 (% vol) <strong>40%<\/strong><\/li>\n<li>Th\u1ec3 t\u00edch (ml) <strong>700<\/strong><\/li>\n<\/ul>\n<div class=\"clearfix\"><\/div>\n<div id=\"order-box\"><\/div>\n","protected":false},"featured_media":1122,"comment_status":"open","ping_status":"closed","template":"","meta":[],"_links":{"self":[{"href":"https:\/\/sammarco.vn\/index.php?rest_route=\/wp\/v2\/product\/1121"}],"collection":[{"href":"https:\/\/sammarco.vn\/index.php?rest_route=\/wp\/v2\/product"}],"about":[{"href":"https:\/\/sammarco.vn\/index.php?rest_route=\/wp\/v2\/types\/product"}],"replies":[{"embeddable":true,"href":"https:\/\/sammarco.vn\/index.php?rest_route=%2Fwp%2Fv2%2Fcomments&post=1121"}],"wp:featuredmedia":[{"embeddable":true,"href":"https:\/\/sammarco.vn\/index.php?rest_route=\/wp\/v2\/media\/1122"}],"wp:attachment":[{"href":"https:\/\/sammarco.vn\/index.php?rest_route=%2Fwp%2Fv2%2Fmedia&parent=1121"}],"curies":[{"name":"wp","href":"https:\/\/api.w.org\/{rel}","templated":true}]}}