{"id":1005,"date":"2022-10-24T06:51:33","date_gmt":"2022-10-24T06:51:33","guid":{"rendered":"http:\/\/sammarco.vn\/?post_type=product&#038;p=1005"},"modified":"2022-10-24T06:51:33","modified_gmt":"2022-10-24T06:51:33","slug":"giordano-terre-siciliane-nero-davola-cabernet-sauvignon","status":"publish","type":"product","link":"https:\/\/sammarco.vn\/?product=giordano-terre-siciliane-nero-davola-cabernet-sauvignon","title":{"rendered":"Giordano Terre Siciliane Nero D&#8217;Avola Cabernet Sauvignon"},"content":{"rendered":"<p>M\u00e0u r\u01b0\u1ee3u: \u0111\u1ecf ruby xen \u00e1nh t\u00edm<br \/>\nGi\u1ed1ng nho: Nero d\u2019Avola v\u00e0 Cabernet Sauvignon<br \/>\nXu\u1ea5t x\u1ee9: v\u00f9ng Sicily c\u1ee7a \u00dd<br \/>\nN\u1ed3ng \u0111\u1ed9: 14.5%<br \/>\nVintage: 2018<br \/>\nH\u01b0\u01a1ng th\u01a1m: Vang nh\u1eadp ngo\u1ea1i Giordano Terre Siciliane Nero D\u2019Avola Cabernet Sauvignon mang nh\u1eefng t\u1ea7ng h\u01b0\u01a1ng th\u01a1m h\u1ea5p d\u1eabn v\u00e0 \u0111a d\u1ea1ng c\u1ee7a tr\u00e1i c\u00e2y nhi\u1ec7t \u0111\u1edbi m\u00e0u \u0111\u1ecf (m\u1eadn, anh \u0111\u00e0o, m\u00e2m x\u00f4i) xen l\u1eabn h\u01b0\u01a1ng vani v\u00e0 g\u1ed7 s\u1ed3i \u0111\u1eb1m th\u1eafm.<br \/>\nM\u00f9i v\u1ecb: R\u01b0\u1ee3u vang mang c\u1ea5u tr\u00fac s\u0103n ch\u1eafc c\u1ee7a nho Cabernet Sauvignon v\u00e0 v\u1ecb m\u1ec1m m\u1ea1i, m\u01b0\u1ee3t m\u00e0 c\u1ee7a nho Nero d&#8217;Avola, t\u1ea1o n\u00ean t\u1ed5ng th\u1ec3 chai r\u01b0\u1ee3u vang tuy\u1ec7t v\u1eddi. D\u01b0 v\u1ecb tr\u00e1i c\u00e2y l\u01b0u luy\u1ebfn, \u0111\u1ecdng l\u1ea1i l\u00e2u sau khi th\u01b0\u1edfng th\u1ee9c.<br \/>\nGiordano Terre Siciliane Nero D\u2019Avola Cabernet Sauvignon th\u00edch h\u1ee3p \u0103n k\u00e8m v\u1edbi c\u00e1c m\u00f3n m\u1ef3 pasta \u00dd, m\u00f3n th\u1ecbt \u0111\u1ecf v\u00e0 ph\u00f4 mai.<br \/>\nNhi\u1ec7t \u0111\u1ed9 ph\u00f9 h\u1ee3p \u0111\u1ec3 th\u01b0\u1edfng th\u1ee9c: 16 &#8211; 18oC.<\/p>\n","protected":false},"excerpt":{"rendered":"<p>M\u00e0u r\u01b0\u1ee3u: \u0111\u1ecf ruby xen \u00e1nh t\u00edm<br \/>\nGi\u1ed1ng nho: Nero d\u2019Avola v\u00e0 Cabernet Sauvignon<br \/>\nXu\u1ea5t x\u1ee9: v\u00f9ng Sicily c\u1ee7a \u00dd<br \/>\nN\u1ed3ng \u0111\u1ed9: 14.5%<br \/>\nVintage: 2018<\/p>\n","protected":false},"featured_media":1006,"comment_status":"open","ping_status":"closed","template":"","meta":[],"_links":{"self":[{"href":"https:\/\/sammarco.vn\/index.php?rest_route=\/wp\/v2\/product\/1005"}],"collection":[{"href":"https:\/\/sammarco.vn\/index.php?rest_route=\/wp\/v2\/product"}],"about":[{"href":"https:\/\/sammarco.vn\/index.php?rest_route=\/wp\/v2\/types\/product"}],"replies":[{"embeddable":true,"href":"https:\/\/sammarco.vn\/index.php?rest_route=%2Fwp%2Fv2%2Fcomments&post=1005"}],"wp:featuredmedia":[{"embeddable":true,"href":"https:\/\/sammarco.vn\/index.php?rest_route=\/wp\/v2\/media\/1006"}],"wp:attachment":[{"href":"https:\/\/sammarco.vn\/index.php?rest_route=%2Fwp%2Fv2%2Fmedia&parent=1005"}],"curies":[{"name":"wp","href":"https:\/\/api.w.org\/{rel}","templated":true}]}}